{"id":134,"date":"2025-03-12T19:44:07","date_gmt":"2025-03-12T19:44:07","guid":{"rendered":"https:\/\/veoverbo.com\/?page_id=134"},"modified":"2025-04-04T17:58:20","modified_gmt":"2025-04-04T17:58:20","slug":"info","status":"publish","type":"page","link":"https:\/\/veoverbo.com\/index.php\/info\/","title":{"rendered":"acerca de"},"content":{"rendered":"\n<p><\/p>\n\n\n\n<h1 class=\"wp-block-heading\">Un <em>affaire<\/em> de palabra e imagen.<\/h1>\n\n\n\n<figure class=\"wp-block-image size-large\"><img decoding=\"async\" src=\"https:\/\/veoverbo.com\/wp-content\/uploads\/2025\/03\/IMG_6410-1-1024x585.jpg\" alt=\"\" class=\"wp-image-203\"\/><\/figure>\n\n\n\n<h3 class=\"wp-block-heading alignwide\" id=\"we-re-a-studio-in-berlin-with-an-international-practice-in-architecture-urban-planning-and-interior-design-we-believe-in-sharing-knowledge-and-promoting-dialogue-to-increase-the-creative-potential-of-collaboration\" style=\"font-size:clamp(27.894px, 1.743rem + ((1vw - 3.2px) * 1.257), 48px);line-height:1.1\"><em>Un proyecto editorial y curatorial sobre la relaci\u00f3n entre lo que vemos y lo que decimos. <\/em><\/h3>\n\n\n\n<p>En <strong>veoverbo<\/strong>, exploramos la relaci\u00f3n fascinante entre palabras e im\u00e1genes, dos elementos que nos permiten interpretar y comunicar la realidad que nos rodea. Este espacio es una indagaci\u00f3n personal sobre c\u00f3mo percibimos el mundo: c\u00f3mo lo sentimos, lo experimentamos, lo comprendemos y, sobre todo, c\u00f3mo lo expresamos.<\/p>\n\n\n\n<p>Lo que es com\u00fan a todos los seres humanos es la necesidad de traducir lo que vemos y sentimos en algo comprensible para los dem\u00e1s. Ya sea a trav\u00e9s de palabras o im\u00e1genes, el lenguaje es nuestra herramienta para transformar la percepci\u00f3n en comunicaci\u00f3n. Pero aqu\u00ed es donde se vuelve interesante: las palabras no solo describen el mundo; las palabras <strong>crean<\/strong> el mundo que percibimos. Sin un t\u00e9rmino asociado a lo que vemos, simplemente no lo reconocer\u00edamos. Y cuando un concepto no tiene una traducci\u00f3n directa, recurrimos a m\u00e1s palabras para construir el puente necesario entre lo percibido y lo comunicado.<\/p>\n\n\n\n<div class=\"wp-block-columns is-layout-flex wp-container-core-columns-is-layout-2 wp-block-columns-is-layout-flex\" style=\"padding-top:0px;padding-right:0px;padding-bottom:0px;padding-left:0px\">\n<div class=\"wp-block-column is-layout-flow wp-block-column-is-layout-flow\">\n<p>En el caso de la literatura, las palabras se convierten en las im\u00e1genes mismas. El acto de escribir es, en esencia, crear im\u00e1genes en la mente del lector, donde las palabras son las encargadas de pintar esas escenas. Pero lo curioso es que las im\u00e1genes tambi\u00e9n tienen una estructura propia, que puede entenderse como una especie de \u00ablenguaje visual\u00bb, un sistema de signos que, si bien puede no ser tan directo como el verbo, est\u00e1 igualmente regido por una l\u00f3gica que tambi\u00e9n se traduce en palabras.<\/p>\n<\/div>\n\n\n\n<div class=\"wp-block-column is-vertically-aligned-top is-layout-flow wp-block-column-is-layout-flow\">\n<hr class=\"wp-block-separator has-alpha-channel-opacity\"\/>\n\n\n\n<div class=\"wp-block-columns is-layout-flex wp-container-core-columns-is-layout-1 wp-block-columns-is-layout-flex\">\n<div class=\"wp-block-column is-layout-flow wp-block-column-is-layout-flow\" style=\"flex-basis:10px\">\n<p class=\"has-x-large-font-size\"><em>\u201c<\/em><\/p>\n<\/div>\n\n\n\n<div class=\"wp-block-column is-layout-flow wp-block-column-is-layout-flow\">\n<p class=\"has-x-large-font-size\" style=\"font-style:normal;font-weight:500;line-height:1.2\"><em><em>Gran parte de lo que vemos en nuestra vida no est\u00e1 frente a nosotros en absoluto, sino en nuestra memoria <\/em><\/em>e <em><em>imaginaci\u00f3n.<\/em><\/em> <em><em> \u201c <\/em> <\/em><\/p>\n\n\n\n<p class=\"has-small-font-size\">Duane Michals<\/p>\n\n\n\n<div style=\"height:20px\" aria-hidden=\"true\" class=\"wp-block-spacer\"><\/div>\n<\/div>\n<\/div>\n<\/div>\n<\/div>\n\n\n\n<p><strong>veoverbo<\/strong> juega precisamente con esa interacci\u00f3n entre ambos mundos. Palabras que se convierten en im\u00e1genes, im\u00e1genes que se explican a trav\u00e9s de palabras, y un continuo entre lo verbal y lo visual que se entrelaza y se refuerza mutuamente. Lejos de ser opuestos, estas dos formas de comunicaci\u00f3n se complementan, y juntas ofrecen una comprensi\u00f3n m\u00e1s rica y completa de nuestra realidad.<\/p>\n\n\n\n<p>Este blog invita a cuestionar c\u00f3mo vemos y c\u00f3mo expresamos lo que vemos. Es un espacio donde exploramos la sintaxis del lenguaje visual y verbal, y c\u00f3mo ambos pueden mezclarse para narrar la realidad de maneras inesperadas y profundas. A trav\u00e9s de textos que reflexionan sobre esta relaci\u00f3n, <strong>veoverbo<\/strong> se convierte en un punto de encuentro para los curiosos, los creativos y todos aquellos que buscan entender mejor c\u00f3mo las palabras y las im\u00e1genes nos ayudan a ver el mundo de una forma \u00fanica.<\/p>\n\n\n\n<p><\/p>\n\n\n\n<p><\/p>\n","protected":false},"excerpt":{"rendered":"<p>Un affaire de palabra e imagen. Un proyecto editorial y curatorial sobre la relaci\u00f3n entre lo que vemos y lo que decimos. En veoverbo, exploramos la relaci\u00f3n fascinante entre palabras e im\u00e1genes, dos elementos que nos permiten interpretar y comunicar la realidad que nos rodea. Este espacio es una indagaci\u00f3n personal sobre c\u00f3mo percibimos el [&hellip;]<\/p>\n","protected":false},"author":1,"featured_media":0,"parent":0,"menu_order":0,"comment_status":"closed","ping_status":"closed","template":"","meta":{"_acf_changed":false,"footnotes":"[]"},"class_list":["post-134","page","type-page","status-publish","hentry"],"acf":[],"_links":{"self":[{"href":"https:\/\/veoverbo.com\/index.php\/wp-json\/wp\/v2\/pages\/134","targetHints":{"allow":["GET"]}}],"collection":[{"href":"https:\/\/veoverbo.com\/index.php\/wp-json\/wp\/v2\/pages"}],"about":[{"href":"https:\/\/veoverbo.com\/index.php\/wp-json\/wp\/v2\/types\/page"}],"author":[{"embeddable":true,"href":"https:\/\/veoverbo.com\/index.php\/wp-json\/wp\/v2\/users\/1"}],"replies":[{"embeddable":true,"href":"https:\/\/veoverbo.com\/index.php\/wp-json\/wp\/v2\/comments?post=134"}],"version-history":[{"count":21,"href":"https:\/\/veoverbo.com\/index.php\/wp-json\/wp\/v2\/pages\/134\/revisions"}],"predecessor-version":[{"id":417,"href":"https:\/\/veoverbo.com\/index.php\/wp-json\/wp\/v2\/pages\/134\/revisions\/417"}],"wp:attachment":[{"href":"https:\/\/veoverbo.com\/index.php\/wp-json\/wp\/v2\/media?parent=134"}],"curies":[{"name":"wp","href":"https:\/\/api.w.org\/{rel}","templated":true}]}}